{"id":17572,"date":"2023-09-13T09:34:52","date_gmt":"2023-09-13T06:34:52","guid":{"rendered":"https:\/\/kdidpmid.edu.ua\/academy\/?page_id=17572"},"modified":"2025-05-21T17:26:00","modified_gmt":"2025-05-21T14:26:00","slug":"bystra-mariya-oleksandrivna","status":"publish","type":"page","link":"https:\/\/kdidpmid.edu.ua\/academy\/bystra-mariya-oleksandrivna\/","title":{"rendered":"\u0411\u0438\u0441\u0442\u0440\u0430 \u041c\u0430\u0440\u0456\u044f \u041e\u043b\u0435\u043a\u0441\u0430\u043d\u0434\u0440\u0456\u0432\u043d\u0430"},"content":{"rendered":"<div id=\"pl-17572\"  class=\"panel-layout\" ><div id=\"pg-17572-0\"  class=\"panel-grid panel-has-style\" ><div class=\"panel-row-style panel-row-style-for-17572-0\" ><div id=\"pgc-17572-0-0\"  class=\"panel-grid-cell\" ><div id=\"panel-17572-0-0-0\" class=\"so-panel widget widget_sow-editor panel-first-child\" data-index=\"0\" ><div class=\"panel-widget-style panel-widget-style-for-17572-0-0-0\" ><div\n\t\t\t\n\t\t\tclass=\"so-widget-sow-editor so-widget-sow-editor-base\"\n\t\t\t\n\t\t>\n<div class=\"siteorigin-widget-tinymce textwidget\">\n\t<h5><a href=\"https:\/\/kdidpmid.edu.ua\/academy\/fakultety\/fakultet-dyzajnu\/kafedra-teoretychnyh-dysczyplin-ta-profesijnoyi-osvity\/kolektyv-kafedry-teoretychnyh-dysczyplin-ta-profesijnoyi-osvity\/\">\u041a\u041e\u041b\u0415\u041a\u0422\u0418\u0412 \u041a\u0410\u0424\u0415\u0414\u0420\u0418:<\/a><\/h5>\n<\/div>\n<\/div><\/div><\/div><div id=\"panel-17572-0-0-1\" class=\"so-panel widget widget_nav_menu panel-last-child\" data-index=\"1\" ><div class=\"menu-kolektyv-kafedry-mystecztvoznavstva-i-mysteczkoyi-osvity-container\"><ul id=\"menu-kolektyv-kafedry-mystecztvoznavstva-i-mysteczkoyi-osvity\" class=\"menu\"><li id=\"menu-item-26507\" class=\"menu-item menu-item-type-post_type menu-item-object-page menu-item-26507\"><a href=\"https:\/\/kdidpmid.edu.ua\/academy\/17583-2\/\">\u041a\u043e\u0437\u043b\u043e\u0432\u0441\u044c\u043a\u0430 \u0414\u0430\u0440\u2019\u044f \u0412\u0430\u043b\u0435\u0440\u0456\u0457\u0432\u043d\u0430<\/a><\/li>\n<li id=\"menu-item-12748\" class=\"menu-item menu-item-type-post_type menu-item-object-page menu-item-12748\"><a href=\"https:\/\/kdidpmid.edu.ua\/academy\/bosyj-oleksandr-georgijovych\/\">\u0411\u043e\u0441\u0438\u0439 \u041e\u043b\u0435\u043a\u0441\u0430\u043d\u0434\u0440 \u0413\u0435\u043e\u0440\u0433\u0456\u0439\u043e\u0432\u0438\u0447<\/a><\/li>\n<li id=\"menu-item-13499\" class=\"menu-item menu-item-type-post_type menu-item-object-page menu-item-13499\"><a href=\"https:\/\/kdidpmid.edu.ua\/academy\/sod\/\">\u0421\u043e\u0441\u0456\u043a \u041e\u043b\u044c\u0433\u0430 \u0414\u0430\u043d\u0456\u0457\u043b\u0456\u0432\u043d\u0430<\/a><\/li>\n<li id=\"menu-item-25945\" class=\"menu-item menu-item-type-post_type menu-item-object-page menu-item-25945\"><a href=\"https:\/\/kdidpmid.edu.ua\/academy\/berkovskyj-vladyslav-georgijovych\/\">\u0411\u0435\u0440\u043a\u043e\u0432\u0441\u044c\u043a\u0438\u0439 \u0412\u043b\u0430\u0434\u0438\u0441\u043b\u0430\u0432 \u0413\u0435\u043e\u0440\u0433\u0456\u0439\u043e\u0432\u0438\u0447<\/a><\/li>\n<li id=\"menu-item-26506\" class=\"menu-item menu-item-type-post_type menu-item-object-page menu-item-26506\"><a href=\"https:\/\/kdidpmid.edu.ua\/academy\/bystra-mariya-oleksandrivna\/\">\u0411\u0438\u0441\u0442\u0440\u0430 \u041c\u0430\u0440\u0456\u044f \u041e\u043b\u0435\u043a\u0441\u0430\u043d\u0434\u0440\u0456\u0432\u043d\u0430<\/a><\/li>\n<li id=\"menu-item-31809\" class=\"menu-item menu-item-type-post_type menu-item-object-page menu-item-31809\"><a href=\"https:\/\/kdidpmid.edu.ua\/academy\/romanova-olena-petrivna\/\">\u0420\u043e\u043c\u0430\u043d\u043e\u0432\u0430 \u041e\u043b\u0435\u043d\u0430 \u041f\u0435\u0442\u0440\u0456\u0432\u043d\u0430<\/a><\/li>\n<li id=\"menu-item-26508\" class=\"menu-item menu-item-type-post_type menu-item-object-page menu-item-26508\"><a href=\"https:\/\/kdidpmid.edu.ua\/academy\/leontyeva-o-v\/\">\u041b\u0435\u043e\u043d\u0442\u044c\u0454\u0432\u0430 \u041e\u043b\u0435\u043d\u0430 \u0412\u0430\u043b\u0435\u0440\u0456\u0457\u0432\u043d\u0430<\/a><\/li>\n<li id=\"menu-item-37709\" class=\"menu-item menu-item-type-post_type menu-item-object-page menu-item-37709\"><a href=\"https:\/\/kdidpmid.edu.ua\/academy\/gavryk-viktor-grygorovych\/\">\u0413\u0430\u0432\u0440\u0438\u043a \u0412\u0456\u043a\u0442\u043e\u0440 \u0413\u0440\u0438\u0433\u043e\u0440\u043e\u0432\u0438\u0447<\/a><\/li>\n<li id=\"menu-item-26509\" class=\"menu-item menu-item-type-post_type menu-item-object-page menu-item-26509\"><a href=\"https:\/\/kdidpmid.edu.ua\/academy\/osinskyj-roman-josypovych\/\">\u041e\u0441\u0456\u043d\u0441\u044c\u043a\u0438\u0439  \u0420\u043e\u043c\u0430\u043d \u0419\u043e\u0441\u0438\u043f\u043e\u0432\u0438\u0447<\/a><\/li>\n<\/ul><\/div><\/div><\/div><div id=\"pgc-17572-0-1\"  class=\"panel-grid-cell\" ><div id=\"panel-17572-0-1-0\" class=\"so-panel widget widget_siteorigin-panels-builder panel-first-child panel-last-child\" data-index=\"2\" ><div id=\"pl-w682de278dc243\"  class=\"panel-layout\" ><div id=\"pg-w682de278dc243-0\"  class=\"panel-grid panel-has-style\" ><div class=\"panel-row-style panel-row-style-for-w682de278dc243-0\" ><div id=\"pgc-w682de278dc243-0-0\"  class=\"panel-grid-cell\" ><div id=\"panel-w682de278dc243-0-0-0\" class=\"so-panel widget widget_sow-image panel-first-child panel-last-child\" data-index=\"0\" ><div\n\t\t\t\n\t\t\tclass=\"so-widget-sow-image so-widget-sow-image-default-8b5b6f678277\"\n\t\t\t\n\t\t>\n<div class=\"sow-image-container\">\n\t\t<img \n\tsrc=\"https:\/\/kdidpmid.edu.ua\/academy\/wp-content\/uploads\/2023\/09\/bistra.jpg\" width=\"533\" height=\"800\" srcset=\"https:\/\/kdidpmid.edu.ua\/academy\/wp-content\/uploads\/2023\/09\/bistra.jpg 533w, https:\/\/kdidpmid.edu.ua\/academy\/wp-content\/uploads\/2023\/09\/bistra-267x400.jpg 267w\" sizes=\"(max-width: 533px) 100vw, 533px\" alt=\"\" \t\tclass=\"so-widget-image\"\/>\n\t<\/div>\n\n<\/div><\/div><\/div><div id=\"pgc-w682de278dc243-0-1\"  class=\"panel-grid-cell\" ><div id=\"panel-w682de278dc243-0-1-0\" class=\"so-panel widget widget_sow-editor panel-first-child panel-last-child\" data-index=\"1\" ><div\n\t\t\t\n\t\t\tclass=\"so-widget-sow-editor so-widget-sow-editor-base\"\n\t\t\t\n\t\t>\n<div class=\"siteorigin-widget-tinymce textwidget\">\n\t<h4 style=\"text-align: left;\">\u0414\u043e\u0446\u0435\u043d\u0442 \u043a\u0430\u0444\u0435\u0434\u0440\u0438 \u043c\u0438\u0441\u0442\u0435\u0446\u0442\u0432\u043e\u0437\u043d\u0430\u0432\u0441\u0442\u0432\u0430 \u0456 \u043c\u0438\u0441\u0442\u0435\u0446\u044c\u043a\u043e\u0457 \u043e\u0441\u0432\u0456\u0442\u0438<\/h4>\n<p>&nbsp;<\/p>\n<h3 style=\"text-align: left; color: #c65a1b;\">\u0411\u0438\u0441\u0442\u0440\u0430<br \/>\n\u041c\u0430\u0440\u0456\u044f \u041e\u043b\u0435\u043a\u0441\u0430\u043d\u0434\u0440\u0456\u0432\u043d\u0430<\/h3>\n<\/div>\n<\/div><\/div><\/div><div id=\"pgc-w682de278dc243-0-2\"  class=\"panel-grid-cell\" ><div id=\"panel-w682de278dc243-0-2-0\" class=\"so-panel widget widget_black-studio-tinymce widget_black_studio_tinymce panel-first-child panel-last-child\" data-index=\"2\" ><div class=\"textwidget\"><p>\u041d\u0430\u0440\u043e\u0434\u0438\u043b\u0430\u0441\u044f 8 \u043b\u044e\u0442\u043e\u0433\u043e 1976 \u0440\u043e\u043a\u0443 \u0443 \u043c. \u0421\u0435\u043c\u0438\u043f\u0430\u043b\u0430\u0442\u0438\u043d\u0441\u043a (\u041a\u0430\u0437\u0430\u0445\u0441\u0442\u0430\u043d)<\/p>\n<p>\u041e\u0441\u0432\u0456\u0442\u0430:<\/p>\n<ul>\n<li>\u041d\u0456\u0436\u0438\u043d\u0441\u044c\u043a\u0438\u0439 \u0434\u0435\u0440\u0436\u0430\u0432\u043d\u0438\u0439 \u043f\u0435\u0434\u0430\u0433\u043e\u0433\u0456\u0447\u043d\u0438\u0439 \u0443\u043d\u0456\u0432\u0435\u0440\u0441\u0438\u0442\u0435\u0442 \u0456\u043c\u0435\u043d\u0456 \u041c\u0438\u043a\u043e\u043b\u0438 \u0413\u043e\u0433\u043e\u043b\u044f, 2022<\/li>\n<li>\u0414\u043e\u043d\u0435\u0446\u044c\u043a\u0438\u0439 \u0434\u0435\u0440\u0436\u0430\u0432\u043d\u0438\u0439 \u0443\u043d\u0456\u0432\u0435\u0440\u0441\u0438\u0442\u0435\u0442, 1998<\/li>\n<\/ul>\n<p>\u0427\u043b\u0435\u043d \u0413\u041e \u00ab\u041c\u0406\u0416\u041d\u0410\u0420\u041e\u0414\u041d\u0410 \u0424\u0423\u041d\u0414\u0410\u0426\u0406\u042f \u041d\u0410\u0423\u041a\u041e\u0412\u0426\u0406\u0412 \u0422\u0410 \u041e\u0421\u0412\u0406\u0422\u042f\u041d\u00bb<\/p>\n<p>\u041a\u0430\u043d\u0434\u0438\u0434\u0430\u0442 \u0456\u0441\u0442\u043e\u0440\u0438\u0447\u043d\u0438\u0445 \u043d\u0430\u0443\u043a, \u0434\u043e\u0446\u0435\u043d\u0442<\/p>\n<\/div><\/div><\/div><\/div><\/div><div id=\"pg-w682de278dc243-1\"  class=\"panel-grid panel-no-style\" ><div id=\"pgc-w682de278dc243-1-0\"  class=\"panel-grid-cell\" ><div id=\"panel-w682de278dc243-1-0-0\" class=\"so-panel widget widget_black-studio-tinymce widget_black_studio_tinymce panel-first-child panel-last-child\" data-index=\"3\" ><div class=\"textwidget\"><p><span style=\"font-size: 16px;\"><strong>\u041e\u0441\u043d\u043e\u0432\u043d\u0456 \u043d\u0430\u0433\u043e\u0440\u043e\u0434\u0438 \u0442\u0430 \u0432\u0456\u0434\u0437\u043d\u0430\u043a\u0438:<\/strong><\/span><\/p>\n<ul>\n<li>\u041f\u043e\u0447\u0435\u0441\u043d\u0430 \u0433\u0440\u0430\u043c\u043e\u0442\u0430 \u041c\u0456\u043d\u0456\u0441\u0442\u0435\u0440\u0441\u0442\u0432\u0430 \u043e\u0441\u0432\u0456\u0442\u0438, \u043d\u0430\u0443\u043a\u0438 \u043c\u043e\u043b\u043e\u0434\u0456 \u0442\u0430 \u0441\u043f\u043e\u0440\u0442\u0443 \u0423\u043a\u0440\u0430\u0457\u043d\u0438 (2012).<\/li>\n<li>\u0413\u0440\u0430\u043c\u043e\u0442\u0430 \u0414\u043e\u043d\u0435\u0446\u044c\u043a\u043e\u0433\u043e \u043d\u0430\u0446\u0456\u043e\u043d\u0430\u043b\u044c\u043d\u043e\u0433\u043e \u0443\u043d\u0456\u0432\u0435\u0440\u0441\u0438\u0442\u0435\u0442\u0443 \u00ab\u041a\u0440\u0430\u0449\u0438\u0439 \u043c\u043e\u043b\u043e\u0434\u0438\u0439 \u043d\u0430\u0443\u043a\u043e\u0432\u0435\u0446\u044c \u0456\u0441\u0442\u043e\u0440\u0438\u0447\u043d\u043e\u0433\u043e \u0444\u0430\u043a\u0443\u043b\u044c\u0442\u0435\u0442\u0443\u00bb (2007).<\/li>\n<\/ul>\n<p>\u041d\u0430\u043f\u0440\u044f\u043c \u043d\u0430\u0443\u043a\u043e\u0432\u043e\u0457 \u0434\u0456\u044f\u043b\u044c\u043d\u043e\u0441\u0442\u0456:<\/p>\n<ul>\n<li>\u0406\u0441\u0442\u043e\u0440\u0456\u044f \u043e\u0441\u0432\u0456\u0442\u0438 \u0456 \u043d\u0430\u0443\u043a\u0438 \u0423\u043a\u0440\u0430\u0457\u043d\u0438, \u0441\u043e\u0446\u0456\u0430\u043b\u044c\u043d\u0430 \u0456\u0441\u0442\u043e\u0440\u0456\u044f \u0423\u043a\u0440\u0430\u0457\u043d\u0438 \u0425\u0425 \u0441\u0442\u043e\u043b\u0456\u0442\u0442\u044f, \u043c\u043e\u0432\u043e\u0437\u043d\u0430\u0432\u0441\u0442\u0432\u043e<\/li>\n<\/ul>\n<div><span style=\"font-size: 16px;\"><strong>\u041d\u0430\u0443\u043a\u043e\u0432\u0438\u0439 \u0434\u043e\u0440\u043e\u0431\u043e\u043a (\u043d\u0430\u0439\u0432\u0430\u0433\u043e\u043c\u0456\u0448\u0456 \u043f\u0440\u0430\u0446\u0456):<\/strong><\/span><\/div>\n<div><\/div>\n<div>1.\u00a0 \u00abHad been waiting for death, but it did not come, had been hoping for freedom, but it was not bee\u2026\u00bb: reality in children\u2019s essays about what they lived out in the years of the Second World War \/ M. Bystra \/\/ \u0421\u0445\u0456\u0434\u043d\u043e\u0454\u0440\u043e\u043f\u0435\u0439\u0441\u044c\u043a\u0438\u0439 \u0456\u0441\u0442\u043e\u0440\u0438\u0447\u043d\u0438\u0439 \u0432\u0456\u0441\u043d\u0438\u043a. \u2013 \u0412\u0438\u043f.3. \u2013 \u0414\u0440\u043e\u0433\u043e\u0431\u0438\u0447, 2017. \u2013 \u0421.67 \u2013 72.<\/div>\n<div>2. Kontynent europejski wobec wyzwa\u0144 wsp\u00f3\u0142czesno\u015bci, Tom 1, R. Kordonski, O. Kordonska, \u0141. Muszy\u0144ski (red.), Lwowski Uniwersytet Narodowy im. Iwana Franki, Lw\u00f3w-Olsztyn 2017, 412 s. (S.360-378.)<\/div>\n<div>3. \u0421\u0438\u0441\u0442\u0435\u043c\u0430 \u043e\u0441\u0432\u0456\u0442\u0438 \u0432 \u0414\u043e\u043d\u0431\u0430\u0441\u0456 \u0443 \u0440\u043e\u043a\u0438 \u0412\u0435\u043b\u0438\u043a\u043e\u0457 \u0412\u0456\u0442\u0447\u0438\u0437\u043d\u044f\u043d\u043e\u0457 \u0432\u0456\u0439\u043d\u0438: \u041c\u043e\u043d\u043e\u0433\u0440\u0430\u0444\u0456\u044f \u0414\u043e\u043d\u0435\u0446\u044c\u043a: \u041d\u043e\u0440\u0434-\u041f\u0440\u0435\u0441, 2006. \u2013 273 \u0441.<\/div>\n<div>4. \u041e\u0431\u0440\u0430\u0437 \u043f\u0440\u0435\u0434\u0441\u0442\u0430\u0432\u043d\u0438\u043a\u0430 \u043d\u0430\u0443\u043a\u043e\u0432\u043e-\u043f\u0435\u0434\u0430\u0433\u043e\u0433\u0456\u0447\u043d\u043e\u0457 \u0456\u043d\u0442\u0435\u043b\u0456\u0433\u0435\u043d\u0446\u0456\u0457 \u0432 \u0443\u043a\u0440\u0430\u0457\u043d\u0441\u044c\u043a\u0438\u0445 \u0440\u0430\u0434\u044f\u043d\u0441\u044c\u043a\u0438\u0445 \u043f\u0435\u0440\u0456\u043e\u0434\u0438\u0447\u043d\u0438\u0445 \u0432\u0438\u0434\u0430\u043d\u043d\u044f\u0445 \u043f\u0435\u0440\u0456\u043e\u0434\u0443 \u0414\u0440\u0443\u0433\u043e\u0457 \u0441\u0432\u0456\u0442\u043e\u0432\u043e\u0457 \u0432\u0456\u0439\u043d\u0438\/\/ \u041d\u0430\u0443\u043a\u043e\u0432\u0438\u0439 \u0449\u043e\u043a\u0432\u0430\u0440\u0442\u0430\u043b\u044c\u043d\u0438\u043a \u00ab\u0415\u043c\u0456\u043d\u0430\u043a\u00bb.\u2013 \u041a\u0438\u0457\u0432-\u041c\u0438\u043a\u043e\u043b\u0430\u0457\u0432, 2018. - \u21161(21) (\u0441\u0456\u0447\u0435\u043d\u044c \u2013 \u0431\u0435\u0440\u0435\u0437\u0435\u043d\u044c). \u2013 \u0422.3. \u2013 \u0421. 71- 77.<\/div>\n<div><\/div>\n<div><span style=\"font-size: 16px;\"><strong>\u0423\u0447\u0430\u0441\u0442\u044c \u0443 \u043c\u0456\u0436\u043d\u0430\u0440\u043e\u0434\u043d\u0438\u0445 \u0442\u0430 \u0432\u0441\u0435\u0443\u043a\u0440\u0430\u0457\u043d\u0441\u044c\u043a\u0438\u0445 \u043a\u043e\u043d\u0444\u0435\u0440\u0435\u043d\u0446\u0456\u044f\u0445 (\u0431\u0456\u0431\u043b\u0456\u043e\u0433\u0440\u0430\u0444\u0456\u0447\u043d\u0456 \u0434\u0430\u043d\u0456 \u0437\u0430 \u043e\u0441\u0442\u0430\u043d\u043d\u0456 5 \u0440\u043e\u043a\u0456\u0432)<\/strong><\/span><\/div>\n<div><\/div>\n<div>1. \u0420\u0438\u0441\u0438 \u0441\u043e\u0446\u0456\u0430\u043b\u044c\u043d\u043e-\u043f\u0441\u0438\u0445\u043e\u043b\u043e\u0433\u0456\u0447\u043d\u043e\u0433\u043e \u043f\u043e\u0440\u0442\u0440\u0435\u0442\u0443 \u043f\u0440\u0435\u0434\u0441\u0442\u0430\u0432\u043d\u0438\u043a\u0430 \u043d\u0430\u0443\u043a\u043e\u0432\u043e-\u043f\u0435\u0434\u0430\u0433\u043e\u0433\u0456\u0447\u043d\u043e\u0457 \u0456\u043d\u0442\u0435\u043b\u0456\u0433\u0435\u043d\u0446\u0456\u0457 \u0423\u043a\u0440\u0430\u0457\u043d\u0438 \u043c\u0456\u0436\u0432\u043e\u0454\u043d\u043d\u043e\u0457 \u0434\u043e\u0431\u0438\/ \u041c. \u041e. \u0411\u0438\u0441\u0442\u0440\u0430 \/\/ \u041c.\u041e. \u0411\u0438\u0441\u0442\u0440\u0430 \/\/ \u0424\u0443\u043d\u0434\u0430\u043c\u0435\u043d\u0442\u0430\u043b\u044c\u043d\u0456 \u0442\u0430 \u043f\u0440\u0438\u043a\u043b\u0430\u0434\u043d\u0456 \u0434\u043e\u0441\u043b\u0456\u0434\u0436\u0435\u043d\u043d\u044f: \u0441\u0443\u0447\u0430\u0441\u043d\u0456 \u043d\u0430\u0443\u043a\u043e\u0432\u043e-\u043f\u0440\u0430\u043a\u0442\u0438\u0447\u043d\u0456 \u0440\u0456\u0448\u0435\u043d\u043d\u044f \u0456 \u043f\u0456\u0434\u0445\u043e\u0434\u0438: \u0437\u0431\u0456\u0440\u043d\u0438\u043a \u043c\u0430\u0442\u0435\u0440\u0456\u0430\u043b\u0456\u0432 \u0406\u0406\u0406-\u0439 \u041c\u0456\u0436\u043d\u0430\u0440\u043e\u0434\u043d\u0456\u0439 \u043d\u0430\u0443\u043a\u043e\u0432\u043e-\u043f\u0440\u0430\u043a\u0442\u0438\u0447\u043d\u0456\u0439 \u043a\u043e\u043d\u0444\u0435\u0440\u0435\u043d\u0446\u0456\u0457 \/ [\u0440\u0435\u0434\u0430\u043a\u0442\u043e\u0440\u0438-\u0443\u043f\u043e\u0440\u044f\u0434\u043d\u0438\u043a\u0438 \u0410. \u0414\u0443\u0448\u043d\u0438\u0439, \u041c. \u041c\u0430\u0445\u043c\u0443\u0434\u043e\u0432, \u0412. \u0406\u043b\u044c\u043d\u0438\u0446\u044c\u043a\u0438\u0439, \u0406. \u0417\u0438\u043c\u043e\u043c\u0440\u044f]. \u2013 \u0411\u0430\u043a\u0443 \u2013 \u0423\u0436\u0433\u043e\u0440\u043e\u0434 \u2013 \u0414\u0440\u043e\u0433\u043e\u0431\u0438\u0447: \u041f\u043e\u0441\u0432\u0456\u0442, 2017. \u2013 \u0421.41-43.<\/div>\n<div>2. \u041e\u0431\u0440\u0430\u0437 \u0440\u0430\u0434\u044f\u043d\u0441\u044c\u043a\u043e\u0433\u043e \u0432\u0447\u0438\u0442\u0435\u043b\u044f \u043d\u0430 \u0448\u043f\u0430\u043b\u044c\u0442\u0430\u0445 \u0443\u043a\u0440\u0430\u0457\u043d\u0441\u044c\u043a\u0438\u0445 \u0433\u0430\u0437\u0435\u0442 \u043a\u0456\u043d\u0446\u044f 1930-\u0445 \u2013 \u043f\u043e\u0447\u0430\u0442\u043a\u0443 1940-\u0445 \u0440\u0440. \/ \u041c. \u041e. \u0411\u0438\u0441\u0442\u0440\u0430 \/\/ \u0406\u043d\u0444\u043e\u0440\u043c\u0430\u0446\u0456\u044f \u0442\u0430 \u043a\u0443\u043b\u044c\u0442\u0443\u0440\u0430 \u0432 \u0437\u0430\u0431\u0435\u0437\u043f\u0435\u0447\u0435\u043d\u043d\u0456 \u0441\u0442\u0430\u043b\u043e\u0433\u043e \u0440\u043e\u0437\u0432\u0438\u0442\u043a\u0443 \u043b\u044e\u0434\u0441\u0442\u0432\u0430 : \u0437\u0431. \u043c\u0430\u0442\u0435\u0440\u0456\u0430\u043b\u0456\u0432 \u041c\u0456\u0436\u043d\u0430\u0440. \u043d\u0430\u0443\u043a.-\u043f\u0440\u0430\u043a\u0442. \u043a\u043e\u043d\u0444., \u043c. \u041c\u0430\u0440\u0456\u0443\u043f\u043e\u043b\u044c, 15 \u043b\u0438\u0441\u0442\u043e\u043f. 2017 \u0440. \/ \u041c\u0430\u0440\u0456\u0443\u043f\u043e\u043b\u044c\u0441\u044c\u043a\u0438\u0439 \u0434\u0435\u0440\u0436\u0430\u0432\u043d\u0438\u0439 \u0443\u043d\u0456\u0432\u0435\u0440\u0441\u0438\u0442\u0435\u0442 ; \u0437\u0430 \u0437\u0430\u0433. \u0440\u0435\u0434. \u0413.\u0406. \u0411\u0430\u0442\u0438\u0447\u043a\u043e. \u2013 \u041c\u0430\u0440\u0456\u0443\u043f\u043e\u043b\u044c : \u041c\u0414\u0423, 2017. \u2013 \u0421.153-156.<\/div>\n<div>3. \u041e\u0431\u0440\u0430\u0437 \u0443\u0447\u0438\u0442\u0435\u043b\u044f \u0443 \u0440\u0430\u0434\u044f\u043d\u0441\u044c\u043a\u043e\u043c\u0443 \u043a\u0456\u043d\u0435\u043c\u0430\u0442\u043e\u0433\u0440\u0430\u0444\u0456 \u043f\u0435\u0440\u0456\u043e\u0434\u0443 \u0414\u0440\u0443\u0433\u043e\u0457 \u0441\u0432\u0456\u0442\u043e\u0432\u043e\u0457 \u0432\u0456\u0439\u043d\u0438\/\/ \u0424\u0435\u043d\u043e\u043c\u0435\u043d \u0443\u043a\u0440\u0430\u0457\u043d\u0441\u044c\u043a\u043e\u0457 \u0456\u043d\u0442\u0435\u043b\u0456\u0433\u0435\u043d\u0446\u0456\u0457 \u0432 \u043a\u043e\u043d\u0442\u0435\u043a\u0441\u0442\u0456 \u0433\u043b\u043e\u0431\u0430\u043b\u044c\u043d\u0438\u0445 \u0442\u0440\u0430\u043d\u0441\u0444\u043e\u0440\u043c\u0430\u0446\u0456\u0439 (\u0434\u043e 60-\u0440\u0456\u0447\u0447\u044f \u0443\u0442\u0432\u043e\u0440\u0435\u043d\u043d\u044f \u043a\u0430\u0444\u0435\u0434\u0440\u0438 \u0444\u0456\u043b\u043e\u0441\u043e\u0444\u0456\u0457 \u0439 80-\u0442\u0438 \u0440\u0456\u0447\u0447\u044f \u0443\u0442\u0432\u043e\u0440\u0435\u043d\u043d\u044f \u043a\u0430\u0444\u0435\u0434\u0440\u0438 \u0456\u0441\u0442\u043e\u0440\u0456\u0457 \u0456 \u043f\u0440\u0430\u0432\u0430 \u0414\u0412\u041d\u0417 \"\u0414\u043e\u043d\u0435\u0446\u044c\u043a\u0438\u0439 \u043d\u0430\u0446\u0456\u043e\u043d\u0430\u043b\u044c\u043d\u0438\u0439 \u0442\u0435\u0445\u043d\u0456\u0447\u043d\u0438\u0439 \u0443\u043d\u0456\u0432\u0435\u0440\u0441\u0438\u0442\u0435\u0442\"): \u043c\u0430\u0442\u0435\u0440\u0456\u0430\u043b\u0438 \u0406\u0406 \u0412\u0441\u0435\u0443\u043a\u0440\u0430\u0457\u043d\u0441\u044c\u043a\u043e\u0457 \u043d\u0430\u0443\u043a\u043e\u0432\u043e-\u043f\u0440\u0430\u043a\u0442\u0438\u0447\u043d\u043e\u0457 \u043a\u043e\u043d\u0444\u0435\u0440\u0435\u043d\u0446\u0456\u0457 (\u041f\u043e\u043a\u0440\u043e\u0432\u0441\u044c\u043a, \u0414\u043e\u043d\u041d\u0422\u0423, 19-20 \u043a\u0432\u0456\u0442\u043d\u044f 2018 \u0440\u043e\u043a\u0443) \/ \u0412\u0456\u0434\u043f. \u0440\u0435\u0434. \u043f\u0440\u043e\u0444. \u041d\u0456\u043a\u0443\u043b\u044c\u0447\u0435\u0432 \u041c.\u041e. \u2013 \u041f\u043e\u043a\u0440\u043e\u0432\u0441\u044c\u043a: \u0414\u0412\u041d\u0417 \"\u0414\u043e\u043d\u041d\u0422\u0423\", 2018. - \u0421. 26-29.<\/div>\n<div>4.\u00a0 \u00a0\u0416\u0438\u0442\u0442\u044f \u0456 \u043f\u0440\u0430\u0446\u044f \u0432 \u0443\u043c\u043e\u0432\u0430\u0445 \u0432\u0456\u0439\u043d\u0438: \u0441\u0442\u0440\u0430\u0442\u0435\u0433\u0456\u0457 \u0432\u0438\u0436\u0438\u0432\u0430\u043d\u043d\u044f \u043f\u0435\u0434\u0430\u0433\u043e\u0433\u0456\u0447\u043d\u043e\u0457 \u0456\u043d\u0442\u0435\u043b\u0456\u0433\u0435\u043d\u0446\u0456\u0457 \u0423\u043a\u0440\u0430\u0457\u043d\u0438 (1941\u20131944)\/\/ \u0406\u0441\u0442\u043e\u0440\u0456\u044f \u0423\u043a\u0440\u0430\u0457\u043d\u0438 \u0432 \u0440\u0435\u0433\u0456\u043e\u043d\u0430\u043b\u044c\u043d\u043e\u043c\u0443 \u0442\u0430 \u0433\u043b\u043e\u0431\u0430\u043b\u044c\u043d\u043e\u043c\u0443 \u0432\u0438\u043c\u0456\u0440\u0430\u0445: \u043c\u0430\u0442\u0435\u0440\u0456\u0430\u043b\u0438 \u0406\u0406\u0406 \u0412\u0441\u0435\u0443\u043a\u0440\u0430\u0457\u043d\u0441\u044c\u043a\u043e\u0457 \u043d\u0430\u0443\u043a\u043e\u0432\u043e-\u043f\u0440\u0430\u043a\u0442\u0438\u0447\u043d\u043e\u0457 \u043e\u043d\u043b\u0430\u0439\u043d \u043a\u043e\u043d\u0444\u0435\u0440\u0435\u043d\u0446\u0456\u0457, \u043c. \u041c\u0430\u0440\u0456\u0443\u043f\u043e\u043b\u044c, 25 \u043b\u044e\u0442\u043e\u0433\u043e 2021 \u0440. \u2013 \u041c\u0430\u0440\u0456\u0443\u043f\u043e\u043b\u044c: \u0414\u043e\u043d\u0414\u0423\u0423, 2021. \u2013 C. 152- 158.<\/div>\n<div>5. \u0424\u0443\u043d\u043a\u0446\u0456\u043e\u043d\u0443\u0432\u0430\u043d\u043d\u044f \u043c\u0435\u0442\u0430\u0444\u043e\u0440\u0438 \u0432 \u0430\u043d\u0433\u043b\u0456\u0439\u0441\u044c\u043a\u043e\u043c\u043e\u0432\u043d\u043e\u043c\u0443 \u043e\u0441\u0432\u0456\u0442\u043d\u044c\u043e\u043c\u0443 \u0434\u0438\u0441\u043a\u0443\u0440\u0441\u0456 (\u043d\u0430 \u043c\u0430\u0442\u0435\u0440\u0456\u0430\u043b\u0430\u0445 \u0417\u041c\u0406) \/\/ The \u0425\u0425II International Scientific and Practical Conference \u00abMultidisciplinary academic research, innovation and results\u00bb, June 07 \u2013 10, 2022, Prague, Czech Republic. - P.586 \u2013 588.<\/div>\n<\/div><\/div><\/div><\/div><\/div><\/div><\/div><\/div><\/div><\/div>","protected":false},"excerpt":{"rendered":"<p>\u041a\u041e\u041b\u0415\u041a\u0422\u0418\u0412 \u041a\u0410\u0424\u0415\u0414\u0420\u0418:<\/p>\n","protected":false},"author":1,"featured_media":0,"parent":0,"menu_order":0,"comment_status":"closed","ping_status":"closed","template":"page-templates\/pagebuilder.php","meta":{"footnotes":""},"class_list":["post-17572","page","type-page","status-publish","hentry"],"aioseo_notices":[],"_links":{"self":[{"href":"https:\/\/kdidpmid.edu.ua\/academy\/wp-json\/wp\/v2\/pages\/17572","targetHints":{"allow":["GET"]}}],"collection":[{"href":"https:\/\/kdidpmid.edu.ua\/academy\/wp-json\/wp\/v2\/pages"}],"about":[{"href":"https:\/\/kdidpmid.edu.ua\/academy\/wp-json\/wp\/v2\/types\/page"}],"author":[{"embeddable":true,"href":"https:\/\/kdidpmid.edu.ua\/academy\/wp-json\/wp\/v2\/users\/1"}],"replies":[{"embeddable":true,"href":"https:\/\/kdidpmid.edu.ua\/academy\/wp-json\/wp\/v2\/comments?post=17572"}],"version-history":[{"count":10,"href":"https:\/\/kdidpmid.edu.ua\/academy\/wp-json\/wp\/v2\/pages\/17572\/revisions"}],"predecessor-version":[{"id":31804,"href":"https:\/\/kdidpmid.edu.ua\/academy\/wp-json\/wp\/v2\/pages\/17572\/revisions\/31804"}],"wp:attachment":[{"href":"https:\/\/kdidpmid.edu.ua\/academy\/wp-json\/wp\/v2\/media?parent=17572"}],"curies":[{"name":"wp","href":"https:\/\/api.w.org\/{rel}","templated":true}]}}